32?
3303423
In base 16, what is -1a0c + -3?
-1a0f
In base 16, what is -ebf + 11?
-eae
In base 7, what is -22 - -41126?
41104
In base 16, what is 2a + -4744?
-471a
In base 14, what is 31b6 - -1?
31b7
In base 12, what is -5a8767 + -3?
-5a876a
In base 10, what is -2 + -122223?
-122225
In base 13, what is -148981 + -5?
-148986
In base 12, what is -806 + -4?
-80a
In base 16, what is 15 + 2d82?
2d97
In base 8, what is 2 + -6014?
-6012
In base 12, what is 1 - 28904?
-28903
In base 13, what is c78 - -4?
c7c
In base 6, what is -12 + 511?
455
In base 12, what is -33 + -520?
-553
In base 2, what is 1010101110110100 - -10001?
1010101111000101
In base 3, what is 110002020 + -2?
110002011
In base 7, what is 1213 + 112?
1325
In base 10, what is -2 + -28794?
-28796
In base 3, what is 222002000 - 11212?
221220011
In base 12, what is -16 - -1048?
1032
In base 6, what is 441312 - 20?
441252
In base 12, what is -210 + -558a?
-579a
In base 10, what is 34 + -1331?
-1297
In base 8, what is 1141 - -4?
1145
In base 9, what is 0 - 25407?
-25407
In base 3, what is 1 - 2002012022?
-2002012021
In base 9, what is 60228 - -1?
60230
In base 9, what is 11324 + 4?
11328
In base 2, what is 11010000 - -1011?
11011011
In base 14, what is -5dd - -6?
-5d7
In base 2, what is 1000101100101010 + 100?
1000101100101110
In base 11, what is -1774 + a?
-1765
In base 3, what is -121 + -11020012101?
-11020012222
In base 8, what is 233 + -233?
0
In base 12, what is 12 + -174?
-162
In base 7, what is -122461 + 34?
-122424
In base 6, what is 0 - -32343?
32343
In base 15, what is 299ea + 4?
299ee
In base 2, what is 110000 - 101010010?
-100100010
In base 10, what is -42 - 755?
-797
In base 10, what is 5 + -65281?
-65276
In base 6, what is 1423 + -122?
1301
In base 11, what is 1489520 - 0?
1489520
In base 6, what is -3142413 - 2?
-3142415
In base 12, what is -1828 - -1a?
-180a
In base 13, what is -340 + a0?
-270
In base 13, what is 5 + b1576?
b157b
In base 14, what is 5c78 - -2c9?
6163
In base 13, what is -2370 - -10?
-2360
In base 11, what is 28 + -2450?
-2423
In base 7, what is -56 - 100402?
-100461
In base 15, what is -15 + -2461?
-2476
In base 14, what is -8 + -1a38?
-1a42
In base 5, what is 1444111 - 0?
1444111
In base 16, what is 8d27 - 9?
8d1e
In base 9, what is -4 + 186137?
186133
In base 4, what is -1 + 111023102?
111023101
In base 12, what is -125 + 60?
-85
In base 16, what is 6e0ae + a?
6e0b8
In base 5, what is 3412 - 1141?
2221
In base 4, what is -3 - 12211123?
-12211132
In base 11, what is -5153 + 50?
-5103
In base 2, what is 1110001 + -10011000?
-100111
In base 16, what is 6afb - -44?
6b3f
In base 6, what is -252304304 - 3?
-252304311
In base 13, what is -5 - 60ca?
-6102
In base 4, what is -10333 - 2002?
-13001
In base 4, what is 3 - 1112312?
-1112303
In base 12, what is -652a + -25?
-6553
In base 16, what is -140 - 23b?
-37b
In base 13, what is 0 - -10214?
10214
In base 6, what is 20233 + -1033?
15200
In base 15, what is -6d7dd - -1?
-6d7dc
In base 6, what is -322125 + 0?
-322125
In base 13, what is b - 43a?
-42c
In base 9, what is -371 + 118?
-252
In base 13, what is -17 - 6a7?
-6c1
In base 8, what is -1 - 43717?
-43720
In base 16, what is e + -37f?
-371
In base 3, what is 1101 + -20110210220?
-20110202112
In base 15, what is 3a + 33e?
379
In base 8, what is 222 + 132?
354
In base 4, what is -3123232 + -112?
-3130010
In base 14, what is 10a2b + -a?
10a21
In base 4, what is 103003100 - 3?
103003031
In base 4, what is -11121 - -1031133?
1020012
In base 3, what is -12022022 - 12?
-12022111
In base 16, what is 60797 + -2?
60795
In base 14, what is 4 - -33d2?
33d6
In base 10, what is -13817 - 2?
-13819
In base 9, what is -4011 - -187?
-3713
In base 4, what is -10013101110 - 1?
-10013101111
In base 7, what is -52 + -114040?
-114122
In base 3, what is 2 - -101101222?
101102001
In base 8, what is 0 - 217773?
-217773
In base 16, what is -23 + -30?
-53
In base 10, what is -1 + 1879?
1878
In base 11, what is -7040 - 4?
-7044
In base 15, what is 65666 + -4?
65662
In base 6, what is 1520125 + 1?
1520130
In base 11, what is -5a + 16a47?
16998
In base 14, what is 3 + 3335?
3338
In base 3, what is -10121200112 + -202?
-10121201021
In base 13, what is -14 + 1bb21?
1bb0a
In base 5, what is -3 - 410123?
-410131
In base 4, what is 2 + -223212100?
-223212032
In base 2, what is 1101110100 + -1101111?
1100000101
In base 13, what is c + -1249?
-123a
In base 10, what is -1 - 82889?
-82890
In base 8, what is -5 + -16161?
-16166
In base 4, what is 120032112 + 3?
120032121
In base 15, what is 78d9 + -e?
78ca
In base 10, what is 36170 + 1?
36171
In base 7, what is 26 - -202?
231
In base 13, what is 2 + 15b71?
15b73
In base 9, what is -28 - 2287?
-2326
In base 4, what is 3231 - -1012130?
1022021
In base 8, what is 51 - 52521?
-52450
In base 2, what is 110 - -1110110111101100?
1110110111110010
In base 4, what is -22 + -2032023?
-2032111
In base 8, what is 13 + 6630?
6643
In base 16, what is -87a + -7?
-881
In base 3, what is -1 - -112010012?
112010011
In base 2, what is 100110 + 1001100110010?
1001101011000
In base 2, what is -10100100001 - -100010?
-10011111111
In base 2, what is -1000100000001011 + -10001?
-1000100000011100
In base 12, what is 20 + -8ab83?
-8ab63
In base 13, what is 1432b + -a?
14321
In base 16, what is 11e3 + 19?
11fc
In base 14, what is -11c5d + -3?
-11c62
In base 5, what is 122 - 401?
-224
In base 10, what is 5 + 58210?
58215
In base 3, what is -21002 + -1111?
-22120
In base 8, what is -12555 + 443?
-12112
In base 16, what is -2952 - -69?
-28e9
In base 12, what is -3b384 - -4?
-3b380
In base 7, what is 23635 - 25?
23610
In base 14, what is -5a773 - 2?
-5a775
In base 13, what is 25 + 445?
46a
In base 14, what is -1d75 + ad?
-1ca6
In base 5, what is 133431 + -13?
133413
In base 3, what is -10212 + 110122?
22210
In base 5, what is 41 - 1124220?
-1124124
In base 5, what is -1330302 - -2?
-1330300
In base 11, what is -50 - 539?
-589
In base 7, what is 54 - -4230?
4314
In base 3, what is -1110100200 + 12?
-1110100111
In base 13, what is -6 + -188b?
-1894
In base 7, what is 610 + -634?
-24
In base 14, what is 9198 - 5?
9193
In base 12, what is 2 + 70913?
70915
In base 12, what is -50 + -1547?
-1597
In base 8, what is -247 - 56?
-325
In base 11, what is -121a + 65?
-1165
In base 8, what is -33074 - -2?
-33072
In base 14, what is 18 + c9a?
cb4
In base 15, what is -2 - 519b?
-519d
In base 9, what is 2 - 677114?
-677112
In base 5, what is 0 - -1222111?
1222111
In base 13, what is 4c33 + 3?
4c36
In base 3, what is 112 - -10202211?
10210100
In base 14, what is 942 + 3c?
980
In base 15, what is 3025 - 0?
3025
In base 2, what is 11 - -110000111100110?
110000111101001
In base 11, what is 5 + 143788?
143792
In base 15, what is 0 + -19769?
-19769
In base 16, what is 115 - -40?
155
In base 11, what is -20133a + -a?
-201349
In base 16, what is 93 - -2210?
22a3
In base 5, what is 1424 + -311303?
-304324
In base 16, what is 79e74 - 1?
79e73
In base 14, what is -8d2ba4 - -2?
-8d2ba2
In base 16, what is 704 - 10a?
5fa
In base 10, what is -4311 - 58?
-4369
In base 2, what is -11110100 + -100101111011?
-101001101111
In base 13, what is -8 + 1ab?
1a3
In base 2, what is 111001000000010100111 - -11?
111001000000010101010
In base 6, what is 15 - -10230311?
10230330
In base 5, what is -100201142 + 2?
-100201140
In base 2, what is -1110111 + 1001111?
-101000
In base 7, what is 3 + -1313133?
-1313130
In base 9, what is -1124 - 27?
-1152
In base 16, what is -f5ab - -24?
-f587
In base 10, what is 1 - 3040?
-3039
In base 14, what is 4 - 7?
-3
In base 14, what is -31 - 13c?
-16d
In base 15, what is -3 + 70e35?
70e32
In base 10, what is -393 + 29?
-364
In base 15, what is -e1 - 262?
-353
In base 6, what is 23145402 - 0?
23145402
In base 14, what is 5b331 - 3?
5b32c
In base 10, what is 2692 - -7?
2699
In base 8, what is 4 + -326071?
-326065
In base 10, what is -1158 - -34?
-1124
In base 13, what is 20 + 658a7?
658c7
In base 3, what is -21221221 - 202?
-21222200
In base 4, what is 11 - 332201030?
-332201013
In base 6, what is -520453 + 2?
-520451
In base 10, what is -1901 + -3?
-1904
In base 8, what is -152 - -265?
113
In base 3, what is -1200121121 - 2?
-1200121200
In base 13, what is -4a4 - a?
-4b1
In base 4, what is 11 - 